What is the value of -25 + 1 - (-7 - (9 - 11))?
-19
What is the value of (120 - 116) + (1 - 20)?
-15
What is the value of -4 + -6 + 6 + 0 - (-6 - 17)?
19
Calculate (-29 - -15) + 26 + -16.
-4
11 - -1 - (30 - (22 - -3))
7
What is 7 + (14 + -11 - (1 + 11)) + 0?
-2
-2 + -2 + -6 + (18 - 17)
-9
What is 6 + (21 - 24) - 12?
-9
What is -10 - -2 - (9 - (2 + 17) - -8)?
-6
Evaluate -1 + -2 + 4 + 8 + -6 + -2.
1
What is 1 + -3 + 17 + (-85 - -73)?
3
Evaluate -23 + 5 + 36 + -31.
-13
Calculate -3 + 4 + (47 - 57) + 21.
12
16 - (7 - 20 - -4)
25
What is the value of -3 + (-48 - (-8 - (7 + -12))) + 10?
-38
-7 - ((5 - 5) + -5 + 12)
-14
Calculate -2 + -3 + 2 + -862 + 859.
-6
Calculate 1 - (6 + (15 - 11)).
-9
Calculate -11 - (5 - 11 - -3 - -12) - 4.
-24
What is 6 + (-10 - -5 - 5)?
-4
What is (-23 - (-4 + 1)) + (47 - 42)?
-15
Evaluate 4 + 3 + -3 + -12 + -8 + 1.
-15
What is -26 - -26 - 8 - (-4 - (0 - 14))?
-18
What is the value of (13 - (-43 + 2)) + -22 + -8 + 1?
25
Evaluate (11 - 5) + -11 + -7 + -1.
-13
Evaluate 16 - (4 + -15 + 9).
18
Evaluate -42 + 48 - ((2 + 1 - 5) + 7).
1
12 + (-1 - -1) - (-60 + 24 - -88)
-40
14 - 17 - -13 - (2 + 11) - 8
-11
Calculate 37 + -17 + -37 + 10.
-7
What is -24 - (-10 + (-4 - (-8 + -7)))?
-25
What is (-23 - -18) + (-2 - -6)?
-1
What is -3 + 26 - 44 - -36?
15
What is (1 - 1) + 12 + (-5 + -8 - 2)?
-3
What is the value of -3 + 0 + (-38 - -44) - 12?
-9
-15 + 29 + -13 - 8
-7
What is the value of (35 - (18 + 1)) + -3?
13
What is the value of -15 + 33 + (-63 - -77)?
32
What is the value of -38 - 4 - (11 + -15 - 3)?
-35
What is the value of -34 - (-10 + 0) - -13?
-11
What is (-3 - ((9 - 5) + -4 + -2)) + 18?
17
What is the value of 50 - (10 + 53) - (11 + 0)?
-24
Evaluate (-11 + -1 - 2) + -4 + 3.
-15
What is the value of (-94 - -190) + -121 + 1 + (-1 - 0)?
-25
Evaluate 2 - (13 + (5 - 4 - 4 - -2)).
-10
Evaluate 2 + -19 - -27 - (-4 - 1).
15
What is (-14 + 21 - -22) + -29?
0
Evaluate (21 + -9 - 7) + 7.
12
What is the value of (1 + -2 - -17) + 41 + -42 + 12?
27
What is (12 + -7 - 2 - -4) + -1 - 17?
-11
Evaluate 3 - (15 + 0 - 18).
6
Calculate 12 - (30 - (24 + -9)).
-3
What is the value of 14 - 11 - -4 - 15 - (-9 + -1)?
2
Evaluate -140 + 89 + 4 + 18.
-29
Calculate (-11 + 1 + (-1 - 3) - -8) + 26.
20
Evaluate (7 - (0 - -9)) + 13 + -1 + 0.
10
39 + (-58 - 6) + 13
-12
What is the value of 1 + 3 + 0 + (4 - (-115 - -149))?
-26
What is 3 - 13 - (-2 - (3 + (6 - 6)))?
-5
What is -12 - ((14 - (34 + -7)) + -16)?
17
What is 10 - (43 - 25) - (1 + -15)?
6
What is -41 + 44 - (1 - 5)?
7
5 + 6 + -2 + -10
-1
Evaluate (2 - 3) + -4 + 15 + -20 + 2.
-8
Evaluate (-13 - -1) + 15 + (12 + -3 - 25).
-13
What is the value of 20 - (-1 + (9 - (-2 + 1)))?
11
What is the value of -5 + 6 - 7 - 2 - 21?
-29
-13 - -1 - (-17 + 10 + 11)
-16
What is (37 - 53 - -12) + -17?
-21
Evaluate -9 + (10 - 3) - (4 - -1).
-7
Evaluate -1 - -3 - (20 - (-18 - -50)).
14
(2 + -3 - -2) + 5 + -11
-5
7 - (-29 - -6) - (19 + -16 + 1)
26
Evaluate 20 + 17 + (-18 - 4).
15
What is the value of (-14 - (-20 + 0)) + (-1 - 8) + 12?
9
What is the value of -10 - (-25 - (7 + -17 + 19))?
24
What is -3 + (1 - (-3 - -5)) + 13?
9
(-3 + -24 - -3) + (9 - 1 - 7)
-23
What is -3 + 1 - (-3 - (14 - 10 - -13))?
18
Calculate 11 + -26 + (3 - 20) + 9.
-23
Calculate -6 + (-2 - -6 - -8) + -6 + 5.
5
Calculate 5 - (4 - (-6 + 23 - (6 + -2))).
14
5 + (10 - 8) + -8 + -1
-2
Evaluate -11 + 14 + 27 + -26.
4
Calculate (52 - 43) + (-5 - -1) - -5.
10
(64 - 54) + 15 + -5 - 10
10
What is 0 + 2 + (3 - 26) - (6 - 12)?
-15
Calculate 27 - (10 + 14 + -7).
10
Evaluate (-6 + 5 - -6) + -3 + -1 + -13.
-12
What is -46 + 76 + 10 - 7?
33
What is the value of -3 + 5 - -17 - 11?
8
What is the value of -50 + 59 - (-6 - -15)?
0
Calculate 17 - (-4 + 30) - -16.
7
What is the value of -18 + 26 - 1 - 24?
-17
What is the value of -14 + (-4 - (-37 - -16))?
3
-1 + 6 + 7 + -9 + 3
6
Evaluate -24 + (10 - 8 - -31).
9
What is the value of (1 + -2 + 5 - 24) + 1?
-19
What is -2 + 10 - (501 - 475)?
-18
(-6 - (12 - (10 - -1))) + -2
-9
-3 - -24 - -3 - 12
12
What is the value of 1 - (1 - (9 + 0) - -3)?
6
Calculate -1 + 5 - (3 - (-2 - -16 - 8)).
7
What is the value of -8 - (17 - (10 - -3))?
-12
Calculate -1 - -17 - (88 + -58).
-14
Calculate 5 - (-1 + 0) - ((11 - -4) + 1).
-10
-7 + 2 + (-1 - 14) + 7
-13
What is the value of (-24 - -33) + -6 + -3 + -3?
-3
-48 - (17 - 2 - 44)
-19
(-2 - 4) + (5 - (9 + 11)) + 6
-15
(9 - 10) + (-1 + -2 - 1)
-5
(-1 - -2) + (-11 + 11 - -15) + -6
10
What is the value of (-2 - (-2 + (-12 - -15))) + -5?
-8
What is (2 - 1) + (64 - 81) + 26 + -4?
6
Evaluate 38 + (16 - 35) + 3 + 2.
24
What is the value of -8 - -3 - (-2 + -5) - 4?
-2
Evaluate (4 + 0 - (-199 + 175)) + -15 + 5.
18
Calculate 40 - 49 - (1 + -4 - -4 - 4).
-6
Calculate 9 + -1 - (28 + -19 - (-1 + 14)).
12
9 - ((1 - -4) + 4)
0
Calculate -29 + -1 - (23 + -59 + 35).
-29
What is the value of (-1 - -31 - 13) + -10?
7
Evaluate -9 + (-10 - (9 - 0) - -16).
-12
Evaluate (-27 - -12) + (0 + 3 + -6 - -4).
-14
What is (-4 - -14) + 27 + -55 + -11?
-29
-7 - (-1 - (0 - 0)) - (1133 - 1151)
12
Calculate -25 + (32 - (37 + -19)).
-11
What is -2 + 0 + 0 + 0 + 112 + -107?
3
What is (3 + (-22 - -12) - 3) + 2?
-8
What is the value of 2 - 6 - (-10 - -5 - (-4 + 0))?
-3
Calculate -15 + 24 - (0 - (-10 + -1)).
-2
(-13 - -10) + -4 - 5
-12
What is 62 + -69 + -32 + 1 + 3?
-35
-13 + (-9 - -27 - 11)
-6
What is 2 + (-17 - (-30 - -6))?
9
Evaluate -7 + (1 + 4 - 2) + -8.
-12
-3 + -9 + 7 - 12
-17
3 + 4 - (-3 - -2) - (-23 - -25)
6
-5 + (1 + 0 + 0 - (-1119 - -1129))
-14
What is the value of 4 - (3 + -20) - 14?
7
8 - 5 - (4 - -8) - -5
-4
What is -5 - (-8 - -4) - (1 - (-5 - -3))?
-4
Calculate -9 + 2 - (29 + -78 - -48).
-6
Calculate -6 - (-20 + 5 - -25).
-16
What is the value of 15 + (9 - (-8 + 20)) - 15?
-3
What is the value of (-17 - 13) + 11 - -5?
-14
9 + (33 - 43 - (1 - -4))
-6
Evaluate 0 + 3 + 6 + (8 - 13).
4
What is the value of -1 + (-3 + 2 - 7) + -59 + 86?
18
Calculate (6 - 1) + (22 - 30 - (3 - 1)).
-5
-8 + 0 + 29 + -3 + 6
24
Evaluate 1 + 2 + -5 + -1 - (2 + -16).
11
What is the value of (-113 - -124) + -23 + 0?
-12
(27 - 43) + -2 + 0 + -4 + 3
-19
Calculate (92 - 102) + -1 + -3 + 6.
-8
-8 + (-2 - (15 - 9) - -11) + -9
-14
22 - (2 + 2 - (7 - (0 - -8)))
17
What is (-6 - -31 - -1) + -38?
-12
What is 3 - -1 - (568 + -555)?
-9
Calculate (-9 - (30 - 25 - (3 - 2))) + 0.
-13
What is the value of 46 + 31 + -75 + -36?
-34
Calculate -3 - (11 - 5) - -1 - 3.
-11
Calculate -275 + 245 + 20 + 0.
-10
(1381 - 1375) + (-25 - -1) + 1
-17
(-1 - -4) + -11 + 4 + 0 + -3
-7
Evaluate -11 - -12 - (2 + 1).
-2
Calculate 13 + (-7 - (-1 - 10)) - 15.
2
-2 + -5 - (-26 - -22) - -1 - -20
18
Evaluate 3 - (-4 - (-14 + (6 - 4 - -3))).
-2
Evaluate 7 + (6 - 11 - 8).
-6
Evaluate -11 - -31 - 5 - (-2 - -10).
7
What is 19 + -18 + -3 + -4?
-6
What is 10 + 0 - (-4 + -2 - (-7 + 10))?
19
Calculate -10 + -1 + (31 - 62 - -33).
-9
What is 6 - -2 - (9 + 10)?
-11
What is the value of 10 - (15 - (15 - 10) - -9)?
-9
What is the value of 6 - 8 - ((-3 - -5 - 0) + 3)?
-7
What is 107 + -126 - (-15 - 1)?
-3
Calculate -30 - (-85 + (-20 - -56)).
19
Evaluate -1 - ((2 - -1) + -15 + 29 + 2).
-20
What is -21 - (-5 - (0 + -2))?
-18
10 - 24 - -29 - -16
31
Calculate 13 - (9 - -22) - -7.
-11
Evaluate -20 + -26 + 54 + -4.
4
What is the value of -917 + 913 - ((-10 - -1) + 1)?
4
6 + 9 + 0 + -5 - -2
12
Evaluate -2 - -4 - -10 - 25.
-13
Evaluate -5 + -4 + 32 + -12.
11
-21 + (12 - 0) + -19 + 6
-22
Evaluate (1 - 1 - (2 + 6)) + -5.
-13
What is the value of 4 - (2 + 8) - (4 + (5 - 10))?
-5
Calculate 6 - ((-28 - -39) + -6 + -1).
2
Evaluate 12 - -1 - (-437 + 438).
12
What is -5 + (22 + -2 - 0)?
15
Calculate -20 + 7 + 1 - (22 + -12).
-22
Calculate (-17 - -10 - 16) + 37.
14
14 - ((-15 - -3) + 15)
11
19 - 8 - 14 - -3
0
Evaluate (16 - 12) + (0 - 2) + 5.
7
What is the value of 45 + -44 + (6 - 8) + -3?
-4
What is the value of -9 - (12 - 25 - 12)?
16
Evaluate -10 + -3 - -23 - -4.
14
Evaluate 5 + -2 - (23 + -5 + 2).
-17
What is (1 - 5 - (2 - 2)) + (571 - 559)?
8
Evaluate -92 + 85 + 4 + 0.
-3
(21 - (23 - 9)) + -20
-13
What is 11 - (1 + -12 + 18) - (19 - 2)?
-13
Evaluate 242 + -244 + (19 - -1).
18
What is the value of -5 + 8 + -18 + (14 - 7)?
-8
1 - (-3 - -2) - ((14 - 7) + -5)
0
(-21 - -16) + -20 + (2 - -1)
-22
Calculate -98 + 93 - (-